072 and 8?
8
Calculate the highest common factor of 75 and 434425.
25
What is the greatest common divisor of 5556 and 92?
4
Calculate the greatest common divisor of 20524 and 294.
14
Calculate the greatest common factor of 1310 and 190.
10
What is the highest common divisor of 15400 and 198?
22
Calculate the greatest common factor of 28 and 464.
4
What is the highest common factor of 72 and 282924?
36
What is the highest common factor of 420 and 1820?
140
What is the greatest common factor of 45904 and 190?
38
Calculate the greatest common factor of 99 and 178728.
33
Calculate the greatest common divisor of 106733 and 341.
341
What is the highest common divisor of 644 and 1970548?
92
What is the greatest common factor of 726 and 990?
66
What is the highest common divisor of 81718 and 1274?
182
What is the highest common divisor of 1965487 and 3189?
1063
Calculate the greatest common factor of 5775 and 21735.
105
What is the greatest common factor of 171833 and 81995?
713
What is the highest common factor of 3212 and 1387?
73
Calculate the highest common divisor of 570 and 43035.
285
Calculate the highest common factor of 74964 and 36.
12
What is the highest common divisor of 11293 and 667?
23
What is the greatest common divisor of 883 and 13351843?
883
Calculate the greatest common divisor of 123188 and 3296.
412
Calculate the highest common factor of 5633 and 917.
131
Calculate the greatest common divisor of 10387465 and 55.
55
What is the highest common factor of 108100 and 1380?
460
Calculate the greatest common divisor of 66716 and 28.
4
Calculate the greatest common divisor of 6909 and 4136.
47
Calculate the highest common divisor of 1609675 and 50.
25
What is the highest common factor of 2957 and 1?
1
Calculate the greatest common factor of 540 and 604.
4
What is the highest common divisor of 66723 and 69?
69
Calculate the highest common factor of 1062985 and 25100.
1255
What is the greatest common factor of 2 and 18287?
1
What is the highest common divisor of 242 and 176?
22
Calculate the greatest common divisor of 59927 and 49.
49
What is the greatest common divisor of 462 and 2110108?
154
Calculate the highest common factor of 37098 and 408.
6
What is the highest common divisor of 493215 and 1179?
393
What is the highest common factor of 2281397 and 1082?
541
What is the greatest common divisor of 889 and 91?
7
Calculate the highest common divisor of 25 and 5965.
5
Calculate the greatest common factor of 531854 and 27148.
1234
Calculate the highest common divisor of 81 and 215091.
9
Calculate the highest common factor of 286011 and 22.
11
What is the greatest common divisor of 402170 and 1310?
1310
Calculate the highest common divisor of 296675 and 75.
25
Calculate the greatest common divisor of 53604 and 396.
36
What is the greatest common factor of 700 and 88620?
140
What is the highest common factor of 312271 and 46?
23
What is the greatest common factor of 233080 and 88?
8
What is the greatest common factor of 1289847 and 39?
39
Calculate the highest common divisor of 1759757 and 199.
199
Calculate the highest common divisor of 5075 and 2929725.
725
Calculate the greatest common factor of 69375 and 1295.
185
Calculate the highest common factor of 629 and 6031.
37
What is the greatest common factor of 236895 and 6?
3
What is the highest common factor of 18669 and 245?
49
Calculate the highest common factor of 9193 and 232.
29
What is the highest common factor of 22 and 37246?
22
What is the greatest common factor of 2363 and 2057?
17
What is the highest common factor of 1099 and 25434?
157
What is the greatest common divisor of 106 and 64?
2
Calculate the highest common divisor of 84367 and 956.
239
What is the highest common divisor of 56 and 122402?
14
What is the greatest common factor of 193522 and 2576?
322
What is the greatest common divisor of 17486 and 23212?
14
Calculate the highest common divisor of 49173 and 555.
111
Calculate the greatest common factor of 1330 and 1520.
190
What is the greatest common factor of 57825 and 27?
9
What is the greatest common divisor of 82 and 11808?
82
What is the greatest common divisor of 7289 and 18981?
37
What is the greatest common divisor of 1449 and 5589?
207
Calculate the highest common factor of 320 and 985120.
160
Calculate the highest common divisor of 952 and 3493.
7
What is the highest common factor of 535500 and 1400?
700
What is the greatest common divisor of 713249 and 222?
37
Calculate the highest common divisor of 88825 and 95.
95
What is the highest common divisor of 791 and 1043?
7
What is the greatest common factor of 1230 and 7815420?
1230
Calculate the greatest common factor of 1968554 and 56.
14
What is the greatest common divisor of 19 and 4269167?
19
Calculate the greatest common divisor of 330636 and 324.
12
What is the greatest common divisor of 624 and 7884?
12
What is the greatest common factor of 178092 and 1020?
204
Calculate the highest common factor of 6822728 and 341.
341
What is the highest common factor of 2256 and 648?
24
Calculate the greatest common factor of 132430 and 18.
2
What is the highest common factor of 108 and 4196?
4
Calculate the highest common factor of 880 and 56860.
20
What is the greatest common factor of 184 and 16882?
46
Calculate the greatest common divisor of 16075 and 225.
25
What is the greatest common factor of 840688 and 32?
16
Calculate the highest common divisor of 584 and 72.
8
Calculate the highest common factor of 1780 and 1500.
20
What is the greatest common divisor of 517 and 3916?
11
What is the highest common factor of 76475 and 7866?
437
Calculate the highest common factor of 213 and 1351698.
213
What is the highest common factor of 26523 and 27?
9
Calculate the highest common factor of 1062 and 7552.
118
What is the highest common factor of 7182 and 910?
14
What is the highest common factor of 649932 and 24?
12
What is the greatest common divisor of 16 and 224400?
16
What is the highest common factor of 1372 and 192?
4
Calculate the greatest common divisor of 308 and 709654.
22
Calculate the greatest common divisor of 58 and 1431759.
29
Calculate the highest common divisor of 1080 and 186165.
135
Calculate the greatest common factor of 1785859 and 94.
47
What is the highest common factor of 3490113 and 66?
33
What is the highest common factor of 6820 and 7690?
10
What is the greatest common factor of 5720 and 41080?
520
What is the greatest common factor of 80189 and 3553?
17
Calculate the greatest common factor of 604385 and 5.
5
Calculate the greatest common factor of 530 and 40015.
265
Calculate the greatest common factor of 380 and 135470.
190
Calculate the greatest common divisor of 1898837 and 43.
43
What is the highest common divisor of 59955 and 420?
105
What is the highest common factor of 19300 and 33900?
100
What is the highest common factor of 72697 and 695?
139
Calculate the highest common divisor of 114 and 3959619.
57
Calculate the greatest common divisor of 16157 and 302.
151
Calculate the highest common divisor of 1333360 and 1120.
560
Calculate the highest common factor of 9 and 2606913.
9
Calculate the highest common factor of 101619 and 63.
63
What is the greatest common divisor of 369 and 162893?
41
Calculate the greatest common factor of 1369 and 115810.
37
What is the highest common divisor of 23828 and 7636?
92
Calculate the highest common factor of 36503 and 21625.
173
Calculate the greatest common divisor of 73248 and 63.
21
Calculate the greatest common divisor of 40 and 1622380.
20
Calculate the greatest common divisor of 82 and 5562593.
41
Calculate the greatest common divisor of 50 and 1525.
25
What is the highest common divisor of 68 and 14093?
17
What is the greatest common factor of 7755 and 7520?
235
What is the greatest common divisor of 5151 and 537421?
1717
What is the greatest common factor of 7046 and 2366?
26
What is the highest common factor of 7915 and 15?
5
What is the highest common divisor of 467111 and 1255?
251
What is the highest common factor of 19110 and 56550?
390
What is the greatest common divisor of 105 and 179925?
15
What is the highest common divisor of 2755 and 6815?
145
What is the highest common divisor of 39508 and 462?
14
Calculate the greatest common 